1
Let d(t) = -t**3 + 2*t**2 + 2*t + 5. Give d(4).
-19
Let h(y) = 3*y**3 + 3*y**2 - 10*y + 15. Give h(2).
31
Let a(n) = -163*n + 322. Give a(2).
-4
Let k(g) = -g**3 - g**2 + 3*g - 9. What is k(-3)?
0
Let t(f) = -f**3 + 7*f**2 - 3*f + 15. Give t(7).
-6
Let g(a) = -3*a**2 - 30*a + 5. What is g(-10)?
5
Let w(v) = 23*v - 20. Calculate w(1).
3
Let x(b) = b**3 + 6*b**2 - 5*b + 24. Determine x(-7).
10
Let n(u) = -9*u - 11. What is n(10)?
-101
Let j(r) = r**3 + 5*r**2 + 4*r - 1. Calculate j(-4).
-1
Let q(w) = w**3 - 34*w**2 + 28*w + 168. Calculate q(33).
3
Let k(x) = x**3 + 3*x**2 + 4*x + 2. What is k(-3)?
-10
Let f(a) = -a**2 - 4*a - 4. Give f(3).
-25
Let f(y) = y**2 - 5*y + 2. Calculate f(4).
-2
Let q(a) = -9*a**2 - a. Calculate q(-1).
-8
Let d(s) = 14*s**3 - s**2 - 3*s + 3. Determine d(2).
105
Let q(k) = -k**2 - 33*k - 267. What is q(-20)?
-7
Let d(p) = -p**3 + 20*p**2 - 17*p + 16. What is d(19)?
54
Let q(x) = -6*x + 2. Determine q(4).
-22
Let q(w) = -2*w**3 + 12*w**2 - 2*w + 10. Give q(5).
50
Let c(b) = b**3 - 7*b**2 + 2*b - 14. Determine c(7).
0
Let n(m) = m**2 - 9*m + 6. What is n(7)?
-8
Let o(j) = -5*j**3 - 4*j**2 + 4*j - 2. What is o(1)?
-7
Let w(y) = -7*y + 13. What is w(2)?
-1
Let u(r) = -r**2 + 12*r + 7. Determine u(8).
39
Let w(h) = h**3 + 17*h**2 + 51*h - 11. What is w(-13)?
2
Let i(n) = n**3 + 6*n**2 - n. Give i(-6).
6
Let f(s) = -s**3 + 40*s**2 + s - 42. Calculate f(40).
-2
Let s(o) = o**2 + 4*o + 1. Determine s(-5).
6
Let n(x) = -x**3 - 11*x**2 - 13*x - 8. Calculate n(-10).
22
Let t(i) = 19*i**2 + i. Calculate t(-1).
18
Let u(l) = -2*l**2 + 5*l - 7. Calculate u(5).
-32
Let j(o) = -3*o**3 - 8*o**2 + 2*o + 6. What is j(-4)?
62
Let z(d) = 2*d**2 - 17*d - 56. Give z(-6).
118
Let q(i) = -i**3 - 5*i**2 + 20*i + 92. Calculate q(-6).
8
Let b(p) = -2*p**2 + 11*p - 15. Give b(2).
-1
Let j(p) = 2*p**3 + 33*p**2 - 25*p - 28. What is j(-17)?
108
Let k(t) = -t**2 - 109*t + 339. What is k(3)?
3
Let m(h) = h**3 + 8*h**2 - 7*h - 1. What is m(-9)?
-19
Let x(y) = -2*y**2 - 72*y + 2. Determine x(-36).
2
Let v(u) = -u**3 + 11*u**2 + 12*u - 18. Give v(12).
-18
Let a(c) = c**2 - 7*c - 12. Determine a(9).
6
Let b(z) = 2*z**2 + 20*z - 16. Calculate b(-11).
6
Let x(c) = -c**2 - 32*c + 31. What is x(-33)?
-2
Let z(o) = 2*o - 35. Give z(-6).
-47
Let j(z) = -z**3 - 7*z**2 - 9*z - 10. Calculate j(-6).
8
Let p(u) = -u - 7. What is p(7)?
-14
Let q(r) = 18*r**2 - 2*r + 2. Determine q(1).
18
Let f(s) = 5*s + 17. Calculate f(10).
67
Let v(y) = -y**3 - 5*y**2 - 5*y - 66. Determine v(-6).
0
Let x(b) = -4*b**3 - 5*b**2 - 2*b. Calculate x(-2).
16
Let l(z) = z**3 + 11*z**2 + 2*z - 1. What is l(-11)?
-23
Let i(h) = -6*h + 76. What is i(7)?
34
Let m(t) = 6*t**2 - 34*t + 36. What is m(5)?
16
Let j(f) = -2*f**2 - 3*f + 7. Give j(-4).
-13
Let a(r) = r**3 - 10*r**2 - 5*r + 19. What is a(10)?
-31
Let u(c) = -9*c + 1. Determine u(-2).
19
Let g(z) = -17*z + 78. Determine g(8).
-58
Let l(v) = -v + 20. What is l(-6)?
26
Let o(k) = 12*k + 7. Calculate o(0).
7
Let y(z) = -z**2 - 7*z - 15. Determine y(-8).
-23
Let p(z) = -45*z + 223. Determine p(5).
-2
Let a(j) = 7*j + 195. Give a(-27).
6
Let q(t) = 2*t**2 - 3*t - 4. What is q(0)?
-4
Let j(g) = g**3 + 2*g**2 - 10*g. Give j(3).
15
Let z(t) = 6*t**2 - 6*t + 7. Calculate z(1).
7
Let y(x) = 11*x + 257. Determine y(-23).
4
Let x(i) = 2*i**2 - 7*i - 5. What is x(5)?
10
Let y(l) = l**3 - 10*l**2 + 8*l + 16. Give y(9).
7
Let j(v) = 18*v + 5. Give j(-4).
-67
Let q(f) = -f**2 - 15*f - 17. Give q(-9).
37
Let k(a) = -a**3 - 6*a**2 + 26*a - 10. Determine k(-9).
-1
Let u(k) = 41*k - 244. Calculate u(6).
2
Let n(a) = 21*a - 6. Determine n(1).
15
Let f(w) = -w**3 + w**2 + w - 31. Calculate f(0).
-31
Let s(b) = b**3 + 6*b**2 - 16*b - 11. What is s(-8)?
-11
Let h(b) = 36*b - 62. Give h(6).
154
Let l(w) = w**3 - 17*w**2 + 10*w + 22. Determine l(16).
-74
Let y(a) = -a**3 + 5*a**2 - 4*a - 3. Give y(4).
-3
Let o(p) = -2*p - 4. What is o(5)?
-14
Let i(v) = -v**2 + 17*v - 17. Calculate i(16).
-1
Let y(r) = -44*r - 219. Give y(-5).
1
Let n(o) = o**3 - 21*o**2 + 40*o - 21. Calculate n(19).
17
Let i(x) = -2*x**2 - x + 2. Give i(0).
2
Let b(v) = v + 17. Determine b(-5).
12
Let l(y) = -16*y + 3. What is l(2)?
-29
Let s(o) = o**2 + 9*o + 1. What is s(-7)?
-13
Let l(z) = 3*z - 2. Calculate l(-6).
-20
Let c(v) = -2*v**2 - 6*v - 53. Give c(-10).
-193
Let i(r) = -2*r**2 - 29*r + 12. What is i(-15)?
-3
Let o(v) = 8*v - 14. Determine o(1).
-6
Let y(x) = 99*x - 500. What is y(5)?
-5
Let g(z) = z**3 - z - 4. Determine g(0).
-4
Let u(i) = 4*i + 95. Determine u(-30).
-25
Let t(f) = f**2 - 8*f - 3. Calculate t(6).
-15
Let g(m) = m**3 + 12*m**2 - 2*m + 16. Give g(-12).
40
Let s(o) = -24*o + 89. Determine s(4).
-7
Let d(s) = -s**3 - 2*s**2 + 11*s + 21. What is d(-3)?
-3
Let c(z) = 2*z**2 + 11*z + 18. What is c(-4)?
6
Let j(w) = w**2 + 7*w - 5. Determine j(-4).
-17
Let s(p) = p - 45. Calculate s(0).
-45
Let a(l) = 16*l - 10. Calculate a(6).
86
Let r(m) = m**2 + 14*m - 26. Give r(-14).
-26
Let d(g) = g**3 + 7*g**2 + 11*g + 63. Calculate d(-7).
-14
Let y(w) = w**2 + 3*w + 3. What is y(0)?
3
Let a(h) = h - 10. Calculate a(-6).
-16
Let w(f) = 49*f + 43. What is w(-4)?
-153
Let d(k) = -k - 18. Determine d(-18).
0
Let i(f) = -f**3 - 5*f**2 - 6. Calculate i(-5).
-6
Let w(q) = -7*q**3 + q**2 + q - 1. Calculate w(1).
-6
Let f(x) = -11*x + 7. Give f(4).
-37
Let z(s) = s**2 - 8. Calculate z(-5).
17
Let w(j) = j**2 + 12*j - 49. Determine w(0).
-49
Let y(j) = 2*j. What is y(10)?
20
Let b(k) = -k**3 - 2*k**2 + 21*k - 20. What is b(1)?
-2
Let q(m) = -m**3 - 2*m**2 + 2*m + 3. Determine q(-3).
6
Let t(y) = -28*y + 2352. Determine t(84).
0
Let x(g) = -g**3 + 10*g**2 - 2*g + 4. What is x(9)?
67
Let u(p) = 2*p**2 - 9*p - 12. Give u(8).
44
Let s(d) = d**3 - 11*d**2 + 17*d + 10. Calculate s(8).
-46
Let l(g) = g**3 + 7*g**2 + 7*g + 4. Determine l(-6).
-2
Let s(x) = -15*x - 18. Give s(9).
-153
Let q(y) = -20*y - 6. What is q(1)?
-26
Let c(x) = x**3 - 31*x**2 + 50*x + 218. Determine c(29).
-14
Let u(w) = 59*w + 1. Calculate u(1).
60
Let r(n) = n**2 - 12*n - 87. Calculate r(17).
-2
Let j(p) = p**3 - 17*p**2 - p + 6. Determine j(17).
-11
Let h(b) = -b - 14. Give h(-14).
0
Let i(k) = -k**3 + 18*k**2 + 17*k + 25. Determine i(19).
-13
Let o(k) = 2*k + 10. Determine o(-8).
-6
Let m(l) = -4*l**2 + 3*l - 2. Give m(-3).
-47
Let g(a) = 12*a - 2. Determine g(2).
22
Let m(l) = -l**2 + 10*l + 6. What is m(15)?
-69
Let c(g) = g**2 - 11*g + 21. Calculate c(6).
-9
Let a(w) = 19*w - 47. Give a(9).
124
Let b(v) = v**2 + 39*v + 365. What is b(-24)?
5
Let u(l) = -25*l**2 + 2*l - 1. Determine u(1).
-24
Let i(l) = 22*l + 5. Calculate i(-1).
-17
Let u(j) = -2*j**2 - 2*j + 4. Calculate u(-3).
-8
Let z(c) = -4*c - 21. What is z(-6)?
3
Let o(v) = -4*v**2 + 2*v. Determine o(-2).
-20
Let z(a) = a**3 + a**2 - 14*a + 1. Give z(-4).
9
Let m(y) = y**3 + 2*y**2 - 2*y + 1. Give m(2).
13
Let m(y) = -y**2 - 6*y - 4. What is m(3)?
-31
Let v(j) = -3*j**2 + 21*j + 63. What is v(11)?
-69
Let y(x) = -x**2 + 17*x - 48. What is y(14)?
-6
Let a(h) = 6*h**2 + 5*h + 4. Determine a(-1).
5
Let u(y) = y**3 + 27*y**2 + 1. Determine u(-27).
1
Let m(z) = -z**3 + 11*z**2 - 8*z + 3. Calculate m(10).
23
Let d(y) = y**2 + y - 3. What is d(0)?
-3
Let z(n) = n - 2. Give z(-10).
-12
Let q(g) = -9*g - 436. Determine q(-48).
-4
Let h(b) = -b**2 + 25*b - 19. Determine h(25).
-19
Let x(o) = -o - 20. Determine x(6).
-26
Let r(c) = -2*c**2 - 31*c - 35. Calculate r(-14).
7
Let a(u) = -8*u**2 + 40*u - 4. What is a(5)?
-4
Let f(o) = -2*o**2 + 4*o + 6. What is f(-4)?
-42
Let d(q) = -q**3 - 19*q**2 - 17*q + 13. Give d(-18).
-5
Let t(p) = -p**2 + 5*p - 2. Give t(8).
-26
Let y(k) = -k**3 + 3*k**2 + 2*k - 2. What is y(4)?
-10
Let q(r) = -r**2 - 22*r - 40. Determine q(-20).
0
Let h(v) = v**3 - 3*v**2 - 3*v + 1. Calculate h(2).
-9
Let s(r) = -r**3 + 3*r**2 + 6. Calculate s(3).
6
Let i(a) = a**3 - 5*a**2 + 5*a + 12. What is i(6)?
78
Let p(k) = 13*k - 329. Calculate p(25).
-4
Let v(u) = u**3 + 17*u**2 + 13*u - 46. Give v(-16).
2
Let w(x) = -x**2 + 6*x - 5. What is w(5)?
0
Let x(o) = -o + 8. Give x(12).
-4
Let i(a) = a**2 - 10*a - 10. Give i(9).
-19
Let g(a) = 3*a**2 + 1. What is g(-2)?
13
Let u(f) = f**2 - f + 3. What is u(4)?
15
Let v(c) = 2*c**2 + 58*c - 186. Determine v(-32)